pose -3*d + 4*d = 6*d. Suppose d = 2*i - 587 - 347. Is i a composite number?
False
Is 282/(-47)*(-2631)/9 a composite number?
True
Let z(x) = x**3 + x**2 - x - 6. Let u be z(0). Let n = u + 11. Suppose 0 = -l + 5*i + 263, -5*l + 1315 = -0*l + n*i. Is l a prime number?
True
Is 5/(-10) + (-177837)/(-22) prime?
False
Suppose -5*o + 23 + 22 = 0. Suppose 6 + o = -5*t. Is 153 + t/(6/8) prime?
True
Let k = 110 + -110. Is (11 + k)*(1 - 2*-29) a composite number?
True
Let y(z) = 3*z**3 + 2*z**2 + z - 2. Let x be y(1). Suppose -4*a - 4*g + 530 = -202, -x*a + 4*g = -700. Is a prime?
True
Suppose 4*d = -4*s + 24, -d - 3*s + 6 = -4*d. Suppose 4*n = -v + d*n, -3*v + n - 7 = 0. Is 2 - (27*-3 + v) a composite number?
True
Suppose 4*z + 12 = -2*x - 42, 5*x - 2*z = -123. Let v = 87 + x. Is v a composite number?
True
Suppose -2*c - 3*c = -3*c. Suppose -5*g + 5558 + 297 = c. Is g a composite number?
False
Let m = 286 + -31. Let s(y) = y**3 + 18*y**2 + 25*y + 8. Let n be s(-17). Let d = m + n. Is d a composite number?
False
Suppose -2*a + 4739 + 17403 = 0. Is a a composite number?
False
Let v(r) = r**3 - 35*r**2 + 41*r + 30. Is v(35) prime?
False
Let p = 1432 - -1507. Is p prime?
True
Let q be (-28)/(-6) + 4/(-6). Suppose -4*j + 2*s = j - 3411, 2*j + q*s - 1374 = 0. Is j a composite number?
False
Let y(f) = -79*f**3 - 17*f**2 - 26*f + 7. Is y(-5) a composite number?
False
Is (2252826/45 - -6) + (-3)/(-15) a composite number?
False
Let a = 3469 - -3414. Is a composite?
False
Suppose -2844 = 4*f - f. Let s = 1439 + f. Is s composite?
False
Suppose 3*t - 18015 = -2*t. Is t composite?
True
Suppose -3*z + 31707 = 5*u - 30087, 4*u = 2*z - 41174. Is z a prime number?
True
Let d(h) = 14 + 31*h - 5*h**2 + 6*h**2 + 0*h**2. Let k be d(-19). Let q = 585 + k. Is q a prime number?
False
Suppose -y - 2*w = 20, -4*y - 19 - 17 = -3*w. Is 1/(-9)*3 - 4744/y composite?
True
Let w(o) = 2*o**3 - 22*o**2 + 19*o + 14. Let v be w(15). Suppose -27*p + v = -26*p. Is p a prime number?
True
Let g(c) be the first derivative of -3*c**2 + 4*c - 2. Let f be g(-8). Let j = -19 + f. Is j composite?
True
Let c(d) = -d**3 + 9*d**2 + d + 1. Let x be c(9). Suppose 7*h = x*h - 204. Is (h - 0)*3/6 composite?
True
Let a be (-26726)/30 + (-6)/45. Suppose 0 = b - 5 + 4. Is b - 4 - a - 1 a composite number?
False
Suppose -5*z - q = -0*z + 453, -461 = 5*z - 3*q. Let g = z - -144. Let a = 74 - g. Is a a prime number?
False
Let d be ((-8)/(-16))/((-3)/(-38676)). Suppose -34*z + d = -32*z. Is z composite?
True
Let k(w) = w**2 - 16*w + 12. Let g be k(16). Let v be -1*(13 + (3 - 2)). Is (v + 0)*(-246)/g composite?
True
Is 24/(-2)*134580/(-240) prime?
False
Let n = 7957 - 4403. Suppose -h = n + 4776. Is 3/9 + h/(-21) a prime number?
True
Is 6756 + 42/6 + -2 a prime number?
True
Let u = 75 - 34. Let p = u - 39. Is -2*p/4*-2 composite?
False
Suppose 142*s - 5*n + 14605 = 147*s, -2*n = -5*s + 14619. Is s a composite number?
True
Suppose 3*j + 9*y - 8*y - 17278 = 0, -3*y = -3*j + 17298. Is j a prime number?
False
Suppose 4*j + 806 = 6*j. Suppose j = 4*m + 5*g, -4*m = 4*g - 147 - 253. Is m composite?
False
Suppose m + 4*v = 7287, 3 = v + 2*v. Is m prime?
True
Suppose -2*n + 3*a = -7*n + 6, 0 = -5*n + 4*a + 27. Let i = 1382 - 604. Suppose -n*p + 639 = -3*k, -5*p - k = -i - 263. Is p composite?
True
Suppose -28*w + 19*w = -78102. Is w composite?
True
Let l(a) = -6*a**3 + 5*a**2 - 3*a - 7. Let q be l(8). Let r = q + 4050. Is r a prime number?
False
Suppose -144 = 4*u + 5*n, -4*n - 17 = 3*u + 91. Is 8/u - 3584/(-9) a prime number?
False
Let r(j) = 2*j - 3. Let k be r(3). Suppose 2*t + 2*m - 450 = 0, k*t + 0*m - 663 = 3*m. Is t a prime number?
True
Is (24/(-36))/(2 - 133576/66786) a prime number?
True
Let d(u) = -1 - 2 - 1 + 5 - u**2 + u**3 + u. Let k(t) = 27*t**3 - 7*t**2 + 2*t + 5. Let y(b) = 4*d(b) - k(b). Is y(-2) composite?
False
Let d(v) be the third derivative of 0*v - 1/120*v**6 - 1/6*v**5 - 5*v**2 - 1/2*v**3 + 0 - 13/24*v**4. Is d(-9) composite?
True
Is -2*((-28581)/2 - 5) a composite number?
False
Suppose -3*p = -0*p - 7233. Is p a prime number?
True
Let s = 113 - 115. Is 0 + 123 + s + 6 composite?
False
Is 0 + 5 + (-16 - -2616) a prime number?
False
Let z(b) = -38*b**3 - 9*b**2 - 11*b - 12. Is z(-7) composite?
True
Is (2309/(-1))/((-26)/26) a composite number?
False
Let i be (2 - -522)*(-29)/(-2). Let j = -3985 + i. Is j composite?
False
Suppose -94*c = -198*c + 259792. Is c composite?
True
Suppose v + 5*s + 561 = 1980, -1398 = -v + 2*s. Suppose 4*t + 4*p - 405 = 2399, 2*t + 3*p = v. Is t a composite number?
True
Let f(d) = -3*d - 12. Let l be f(-8). Let w(t) = -t + 11. Let x be w(l). Is 201 - (3 + -5 - x) a composite number?
True
Suppose 19*b - 463912 - 302605 = 0. Is b prime?
True
Let l be ((-1)/(-3))/(5/(-15)). Let i = -1 - 5. Is (i/(-9) + l)*-318 a composite number?
True
Let b = -10 - 1. Let a = b - -14. Suppose -a*o = -2*l - l - 555, 0 = -5*o + 3*l + 929. Is o composite?
True
Suppose 0 = -45*t - 1498217 + 4710632. Is t a composite number?
False
Let l = 4 - 2. Suppose 2*p - 379 = 29. Suppose l*z - p = -2*z. Is z a prime number?
False
Suppose -2*h + 2*g = -3*g - 26, -2*g + 4 = h. Is (701/(-2))/((-4)/h) prime?
True
Let r be 16/88 - 18533/(-11). Suppose 7*d - 12*d = -r. Is d composite?
False
Let w(b) = -b**3 + 5*b**2 + 6*b + 2. Let t be w(6). Suppose 0 = 3*m - h - 17, -t*m - h + 3 = -5. Suppose -d + 7 = -c, -65 = -4*d - d - m*c. Is d a prime number?
False
Suppose 8*y - 4*f = 3*y + 15, 0 = f. Suppose -4*r + 9*r - 65 = -5*q, y*r = -5*q + 33. Suppose r = a - 2*b - 13, 0 = -a + 5*b + 38. Is a a prime number?
True
Suppose 2370 - 639 = 3*d - 3*q, -4*d + 2*q + 2300 = 0. Suppose 0 = -4*j + 5*j - d. Is j composite?
True
Let g(u) = u**2 + 5*u + 1. Let n be g(6). Let z be (13/(-4) - -3)/((-2)/16). Suppose -3*l + z + n = 0. Is l composite?
False
Suppose 2*p - 3*p = -4*u + 36, 5*p + 5*u = -255. Let v = 63 - 52. Is -4 - (p + -3)*v composite?
False
Suppose -4*z + 3*f + 12 = 0, 3*z - 2*f + 5*f = 9. Suppose -3*k + z + 3 = 0. Suppose -5*a + 450 = k*b, -a + 3 = -1. Is b composite?
True
Let d be 1*((-8366)/(-5) - 4/(-5)). Suppose -d - 4864 = -14*i. Is i a prime number?
True
Suppose w - 2184 = -w + 2*r, 5460 = 5*w - 3*r. Suppose 0 = -7*v - 3756 - 1571. Let z = w + v. Is z a composite number?
False
Let t(x) = 78*x**2 + 3*x + 17. Is t(-4) composite?
True
Suppose -2*g = -3*g + 6. Let o(b) = -b**2 + 6*b - 7. Let y be o(g). Let t(x) = -19*x - 11. Is t(y) prime?
False
Suppose g = 226 - 220. Let w(f) = 29*f**2 + 17*f - 11. Is w(g) a composite number?
True
Let x = -882 - -8047. Is x prime?
False
Suppose 0 = 2*n - 3*i - 3374 - 837, -n = i - 2113. Suppose -5*y + 2*h = -3*h - n, 5*y = h + 2098. Is y composite?
False
Suppose -5*u = -4*u - 4. Suppose 5*a + 2*z = 32, u*a + 0*z - 5*z - 19 = 0. Let p(n) = 13*n + 5. Is p(a) composite?
False
Let d = 178 - 125. Let n = d + -4. Suppose -n = -q + 3*k - 3, 0 = -5*q - 2*k + 145. Is q prime?
True
Let d = 52 - 26. Suppose k - 2*k + d = 2*n, 4*n - 3*k = 72. Is n a prime number?
False
Suppose -u = -54 - 529. Is u a prime number?
False
Suppose 0 = -3*n + 5*w + 6166, 28*n + w - 6190 = 25*n. Is n a composite number?
True
Suppose -2*m + 11785 = -3*i, 0*m = -4*i - m - 15728. Let q = -2526 - i. Is q composite?
True
Let q(m) = 5*m**2 - 8*m - 11. Let l(r) = r**3 - 2*r**2 - 3*r - 3. Let g be l(4). Let u(j) = 14*j**2 - 23*j - 32. Let a(d) = g*q(d) - 6*u(d). Is a(6) prime?
True
Let q(m) = -34*m - 1. Let d be q(-1). Suppose d*z = 28*z + 70. Is z composite?
True
Let x(w) = 15*w**3 - 5*w**2 - 28*w - 18. Let c(q) = 7*q**3 - 2*q**2 - 14*q - 9. Let p(b) = -13*c(b) + 6*x(b). Is p(-10) a composite number?
True
Let t(g) = 14*g**2 - 7*g + 38. Is t(-12) a composite number?
True
Let m be (-38356)/(-14) + (-2)/(-7). Suppose -11*r = -15*r + m. Is r a prime number?
False
Let d = -539 - -385. Let h = d + 515. Is h a prime number?
False
Suppose q + q = 0. Suppose -5*v - 3*u = 7503, -2*v - u - 1998 - 1004 = q. Let i = 98 - v. Is i composite?
False
Let k(a) = -3*a**3 + 17*a**2 - 15*a - 7. Let z(p) = -8*p**3 - 22 + 50*p**2 - 21*p - 37*p + 14*p. Let d(h) = 11*k(h) - 4*z(h). Is d(-14) composite?
False
Suppose -981263 = -26*m - 28909. Is m a composite number?
False
Suppose 0 = -499*d + 505*d - 88926. Is d prime?
True
Let x(o) = o**3 + 16*